 + 5*d - 21 = n. What is the units digit of s?
8
Suppose -4*m + 288 = -0*m. Suppose 4*g + 0*g - m = 0. What is the units digit of g?
8
Let h(o) = 11*o - 7. What is the units digit of h(3)?
6
Let m = 2 + 1. Suppose 0*l - l = -m. What is the units digit of l?
3
Suppose -69*c + 72*c = 984. What is the units digit of c?
8
Let u(h) = -15*h + 3. Let y be u(-4). Suppose 0 = -4*a + y + 9. What is the tens digit of a?
1
Let m(v) be the third derivative of 0*v**4 + 0*v - v**2 - 2/15*v**5 - 1/120*v**6 + 0 + 4/3*v**3. What is the units digit of m(-8)?
8
Let y be ((-66)/9)/(2/6). Let j = y + 35. What is the units digit of j?
3
Suppose -4*u + 19 + 5 = 0. Let s be (13 - 4) + 6/2. What is the units digit of (4/s)/(2/u)?
1
Let d(s) be the third derivative of -s**5/60 - 13*s**4/24 - 7*s**3/6 + s**2. Let q be d(-7). Suppose q = 4*p + 7. What is the units digit of p?
7
Suppose 3*p + 125 = 4*p. What is the tens digit of p?
2
Suppose -5*b + 6*v - 2*v = 105, 5*b = 2*v - 105. Suppose t + 5*q - 34 = 0, -3*t - 92 = -6*t - 5*q. Let n = b + t. What is the units digit of n?
8
Let y = -38 + 46. What is the units digit of y?
8
Let m(u) = -u**3 - u**2 + 4*u + 4. Suppose -3*b + 0*b = 9. What is the units digit of m(b)?
0
Let z = -146 + 69. Let j = -41 - z. What is the tens digit of j?
3
Suppose -2*f + 3 + 7 = 0, 3*b - 10 = f. Suppose 5*d + 5*x - 285 = 0, -4*d - 167 = -b*x - 422. What is the tens digit of d?
6
Let b = 37 - 26. What is the units digit of b?
1
Let v(i) = -i**3 + 6*i**2 + 3*i - 6. Suppose j - 7 + 1 = 0. What is the tens digit of v(j)?
1
Suppose -3*i + 9 = -6. Suppose 8 = v - i. What is the tens digit of v?
1
Let u(s) = s**2 + 2*s + 2. Let b be u(-2). Let i be ((-8)/12)/(b/(-6)). Suppose 3*f + 22 = w, w - i*f - 18 = -1. What is the units digit of w?
7
Suppose 129 = 5*p - 26. What is the tens digit of p?
3
Let b(v) = -v**3 + 8*v**2 - 7*v - 1. Let m be b(7). Let k be 0*(-3 + (-10)/(-3)). What is the units digit of 13 + k/m + 2?
5
Suppose t + 2*t - 3 = -2*w, 5*w = -4*t - 3. Suppose -2*v = -t*v + 24. Suppose 0 = -3*o + v - 0. What is the units digit of o?
8
Let w(f) = -8*f - 27. What is the units digit of w(-8)?
7
Let o(t) = -t**2 + 6*t + 5. Let v be o(6). Let n be -1 - (-2 + -1 + v). What is the units digit of (-1)/n + 14/3?
5
Suppose -3*o = -2*o - 34. Suppose -47 - o = -3*c. What is the units digit of c?
7
Suppose 0 = -2*m + 4*m - 144. What is the units digit of m?
2
Suppose -4*v - 8 = 0, -v - v = 3*n - 5. Let b = n + 2. What is the units digit of (2/6)/(b/15)?
1
Let m be (-1)/(-2) - (-1)/2. Suppose d - g = 0, -4*g = d + g - 12. Suppose m - 3 = -d*s. What is the units digit of s?
1
Let t be -1*5/(5/(-4)). Suppose -u - 3*v + 5 = u, -5*u = -v - t. What is the units digit of 2/(-1)*-1*u?
2
Let h(u) = u**2 - 8*u + 1. Let v(c) = 5*c**2 - 33*c + 5. Let r(l) = 9*h(l) - 2*v(l). What is the units digit of r(-5)?
4
Suppose 5*d + 20 = -5*z + 55, -5*d + 23 = -z. Suppose 2*s - 12 = -2*s. Suppose -s*m - a = -56, z*m + 7*a - 3*a = 54. What is the units digit of m?
7
Let a(p) = -p**2 - 17*p - 20. What is the tens digit of a(-13)?
3
Let c(x) = x + 3. Let w be c(-3). Suppose w = 3*d - 8*d + 15. Suppose -4*v = -d*v - 6. What is the units digit of v?
6
What is the units digit of 0 + 3/(-3)*-24?
4
Suppose 4 = -2*o + 28. What is the units digit of o?
2
Let c = -4 - -12. Let j(g) = 6*g - 3. What is the units digit of j(c)?
5
Suppose 0 = -3*x + 2*p + 2*p + 80, 5*x + 5*p = 180. What is the units digit of x?
2
Let z(n) be the third derivative of n**5/60 - n**4/24 - 4*n**3/3 - 8*n**2. What is the tens digit of z(6)?
2
Suppose 4*s + 3*x - 26 = 86, -2*s = 5*x - 70. What is the units digit of s?
5
Suppose -31 - 5 = -4*n. Let j = 19 - n. What is the tens digit of j?
1
Let h(y) = -y**3 - 19*y**2 - 22*y + 15. Let l be h(-18). Let t = l + -49. What is the tens digit of t?
3
Let t = 14 - 10. Suppose t*m - 92 = -0*m. What is the units digit of m?
3
Suppose 0 = -3*j + 5*h - 97, -3*j + 5*h - 109 = 3*h. What is the tens digit of (-5 - j)*2/4?
1
Suppose 0 = -4*h + 2*h. Suppose -3*t + 42 + 0 = h. What is the units digit of t?
4
Suppose 92 = 7*f - 3*f. What is the tens digit of f?
2
Let g(z) = -3*z**3 + z**2 + z. Let f be g(-1). Suppose 5*v + 57 = f*n, 0 = 4*v - 9*v - 15. What is the tens digit of n?
1
Let i = 4 + -4. Suppose i = -z + 15 + 3. Suppose 0 = -3*t, -3*t - 50 = -4*p - z. What is the units digit of p?
8
Suppose 0 = -5*f - 5*u + 1121 + 314, -5*f + 1430 = 4*u. What is the hundreds digit of f?
2
Let g(s) = -2*s - 16. Let o be g(-10). What is the units digit of 126/o + 10/(-20)?
1
Let k(y) = 2*y - 4. What is the units digit of k(15)?
6
Let q be (0 - -2)*3/6. Let f be ((-92)/(-16))/(q/4). Suppose -3*j - 5*n = -46, 4*j + 0*j - f = n. What is the units digit of j?
7
Suppose j = 6*j - 3*o - 47, 4*j - 5*o - 48 = 0. Suppose 2*c - 4*a = 14, -4*a + j = 3*c + 16. What is the tens digit of (-252)/(-16) + c/4?
1
Suppose 0 = 3*l - 5*q + 9, 0 = 5*l + q + 12 + 3. Suppose -2*i = -b + 8, 3*i + 35 = 5*b - 2*i. Let d = b + l. What is the units digit of d?
3
Let p be 10/4*4/5. Let j be 14/4 - (-5)/10. Suppose j*b = -4*t + 28, -b - p*t + 7 = -4*t. What is the units digit of b?
7
Suppose 155 = -b + 6*b. What is the tens digit of b?
3
Let l(j) = 4*j + 2. What is the units digit of l(6)?
6
Let a(b) = 19*b - 1. Let m be 52/44 + (-4)/22. What is the tens digit of a(m)?
1
Let c(j) = -j**2 + 6*j + 3. Let f be 1/(-3) + 6/(-9). Let q = 5 - f. What is the units digit of c(q)?
3
Suppose -56 = 3*i - 5*i. What is the units digit of i?
8
Suppose 0 = a - 3*o + 2*o - 9, 4*a + 5*o = 18. Let q = 5 - a. What is the units digit of (-10)/q - (2 - 1)?
4
Let o(u) = u**3 - 10*u**2 + 7*u + 23. What is the units digit of o(10)?
3
Suppose -q - q - 48 = -5*o, -2*q - 8 = 0. Let r(g) = 4*g - 11. What is the tens digit of r(o)?
2
Let p(k) be the first derivative of k**3/3 + 4*k**2 - 12*k + 6. What is the units digit of p(-10)?
8
Let l = 67 - 35. Suppose -72 - l = -4*z. Suppose 4*w - 3*h = 33 - 0, 3*w - 2*h = z. What is the units digit of w?
2
Let g(c) = c - 13. Let f be g(8). Let s = 19 + f. Suppose -s = -4*v + 2. What is the units digit of v?
4
Suppose -2*g + 4*g = 0. What is the units digit of (20 + g)/(4/2)?
0
Let r(z) = z**2 + 13*z - 16. What is the units digit of r(12)?
4
Let j(c) = 4*c**2 - 5*c. What is the units digit of j(2)?
6
Suppose i + 5 = -11. Let q = -31 - i. Let k = 21 + q. What is the units digit of k?
6
Suppose -159 = -5*j + 31. Suppose 0 = 5*s - j - 17. What is the units digit of s?
1
Suppose 0*s + 3*a = -s - 16, -s - 20 = 4*a. What is the units digit of 354/24 + (-1)/s?
5
Suppose 3*f = -4*q - 0*q + 250, 0 = -f - 2*q + 84. What is the tens digit of f?
8
Suppose 5*h - 4*k = -9*k + 250, 0 = h + 3*k - 58. Let x = h - 20. What is the tens digit of x?
2
Suppose 0 = -h + 2*p + 55, -5*h + 240 = -5*p + 2*p. What is the tens digit of h?
4
Let a(l) = 2*l**2 - l - 16. What is the units digit of a(4)?
2
Let t = -3 - -3. Let x be (-1 - t) + 5 + -2. Suppose 2*g = -x*g + 8. What is the units digit of g?
2
Let d(s) = -s**3 - 3*s**2 - 5*s + 4. Let j(h) = 3*h + 17. Let y be j(-7). What is the units digit of d(y)?
0
Suppose 3*z - 4 = 5. Suppose 5*s - 127 - z = 0. What is the tens digit of s*1/2 + -3?
1
Let n(o) = -8*o + 14. Let j(b) = 2*b - 8. Let s be j(7). Let f(r) = 3*r - 5. Let t(u) = s*n(u) + 17*f(u). What is the units digit of t(4)?
1
Let z(y) = -y**3 - 5*y**2 - 6*y - 3. Let h be z(-4). Let u(s) = -s**3 + 4*s**2 + 6*s - 1. Let d be u(h). What is the units digit of d/6 + 129/9?
5
Suppose -5*y + 45 = -2*y + 2*x, y - 2*x = 7. Suppose 4*b + 6*m - 4*m = 12, -3*m = -2*b - 2. Suppose j = -2*s - b*s + y, s - 2 = j. What is the units digit of s?
3
Let b = 2 + 1. Suppose -2 = b*a - 14. What is the units digit of a?
4
Let b = 25 + -53. What is the units digit of (30/24)/((-1)/b)?
5
Let m(w) = -2*w**3 - 2*w**2. What is the units digit of m(-2)?
8
Suppose 4*z - 4*u = 4, z + 0*z + u - 7 = 0. Let d be ((-1)/(-2))/(z/(-16)). Let m(r) = -r**3 + r**2 + r. What is the units digit of m(d)?
0
Let f(i) = -5*i**3 + i**2. Let d be f(-1). What is the units digit of 3/2 - d/(-12)?
2
Let z(l) = l**2 + 3*l - 4. Suppose -4*v - 16 = -5*g - 5, -v = 3*g + 7. Let a be z(v). What is the units digit of -3 + a + (-2 - -20)?
5
Let s be (-77)/(-35) + (-1)/5. Suppose z = -4, 0*h 